8 - o. List the prime factors of t.
2, 5
Suppose -6*o - 2 + 320 = 0. List the prime factors of o.
53
Let p(s) = -2*s - 3. Let z be p(2). Let v(b) = -5*b - 2. List the prime factors of v(z).
3, 11
Suppose 5*t - 70 - 120 = 0. List the prime factors of t.
2, 19
Let p(f) = 2*f - 6. List the prime factors of p(7).
2
Let o be 6/(-33) + 2705/55. Suppose 5*v = -h + o, 20 = 3*v - h - 3. List the prime factors of v.
3
Let h = 15 + -29. Let d = h + 20. List the prime factors of d.
2, 3
What are the prime factors of (-2)/10 - 2115/(-75)?
2, 7
Let n(o) = -21*o + 11. Let p be n(5). Let g = -65 - p. What are the prime factors of g?
29
Let d(b) = -2*b**3 + 2*b**2 + 2*b + 1. Let f be d(-1). Suppose k + 4*w - 11 = 6, -3*w = 4*k - f. What are the prime factors of (-69)/(-12) + k/4?
5
Suppose -3*d + 15 = 0, 4*d + 4 = -3*k + 6*d. Let n be 8/28 - 26/(-7). Suppose -4*q = -k*v - 26, -n*v = 2*q + v - 43. What are the prime factors of q?
3
List the prime factors of (-29 + 8)/(1/(-5)).
3, 5, 7
Let f be -2*(-3)/(-6)*0. Suppose 4*d - 92 = -f*d. List the prime factors of d.
23
List the prime factors of 1 + 22 + 8 + -7.
2, 3
Let z(f) = 2*f + 4. Let t be z(-4). Let s(u) = 2 - 1 - u + 0. List the prime factors of s(t).
5
Suppose -3 = -5*q + 42. Let h(j) = j - 1. Let g be h(4). Suppose -2*l = 3*f - 3*l - 11, -g*l = 3*f + q. List the prime factors of f.
2
Suppose -261 = -3*h + 2*v, 0*h - v - 343 = -4*h. What are the prime factors of h?
5, 17
Let n = 1005 - 570. List the prime factors of n.
3, 5, 29
Suppose -10*t + 150 + 830 = 0. What are the prime factors of t?
2, 7
Suppose -2*t + 4 = -0*p + 4*p, 3*p = -t + 1. Let r be (-2)/(6/3 - t). Suppose -2*v + 5 = r. What are the prime factors of v?
2
Let c(h) = 2*h**3 + 2*h**2 - 2*h + 1. Let y be c(1). Suppose 0 = 3*n + y - 33. List the prime factors of n.
2, 5
Let g(p) = p**2 - 2*p + 5. Let r be g(-5). Suppose -4*c - 3*y + r = -72, -3*c = 5*y - 73. What are the prime factors of c?
31
Let s = -4 - -7. Suppose 5*c - 2*b - 39 = 0, s*c + b = -2*b + 15. What are the prime factors of c?
7
Let o(m) be the first derivative of 2*m + 7/3*m**3 - 1/4*m**4 - 2 + 4*m**2. What are the prime factors of o(8)?
2
Suppose -5*g + 25 = a, 3*a = g + 8*a - 5. Let k(w) = 7*w - 3. List the prime factors of k(g).
2
Let c = -66 + 97. List the prime factors of c.
31
Let i be (-16)/(-6) - (-4)/12. Suppose 4*b - 38 = -0*b + 2*k, -4*b = -i*k - 41. List the prime factors of b.
2
Suppose 5*v - 2*b + 10 = 0, 0 = 4*v - 2*v - 2*b + 10. Suppose v = w + 2, -18 = -5*q + 3*w - 2. List the prime factors of q.
2
Suppose 0 = -0*i + 5*i - 2*u, 4*u = i + 18. Suppose -4 = -2*h + 5*o, 8 = 4*h - i*o - 2*o. List the prime factors of (h + -14)*3/(-9).
2
Let f = 20 - 3. What are the prime factors of f?
17
Suppose -4 + 39 = 3*h - 4*a, 5*a = 4*h - 45. Let q(z) = 5*z - 7. Let i be q(h). Suppose 2*d - i = -0*d. List the prime factors of d.
3
Suppose o - 16 = 3*u, -4*u = -5*o - 0*u + 124. Let i = o + -46. Let c = i - -29. What are the prime factors of c?
11
Let b(f) be the second derivative of f**4/12 + 5*f**3/6 - f**2/2 + 4*f. What are the prime factors of b(-8)?
23
Suppose -16 = -3*m - 4, 5*y = -m + 1109. What are the prime factors of y?
13, 17
Let q = 70 - 20. List the prime factors of q.
2, 5
Let u(x) = -24*x - 2. Let a be u(-3). Suppose -b + 6*b = a. What are the prime factors of b?
2, 7
What are the prime factors of -4 - (-3 - 0 - 4)?
3
Suppose 2*r - d + 0*d + 5 = 0, 10 = 4*r + 2*d. Suppose 4*u - 4*k = 24, r*k + 64 = 4*u + 4*k. What are the prime factors of u?
11
Suppose -4*k - 5*y + 441 = 0, 2*k + 83 = 2*y + 299. List the prime factors of k.
109
Let b(a) = -a**3 - 7*a**2 + 6*a + 4. Let z be b(-8). Suppose 2*r + 36 = c, 2*c + 26 = r + 86. Let m = c - z. List the prime factors of m.
2
Suppose -3*i + 9*i - 684 = 0. What are the prime factors of i?
2, 3, 19
Let h(z) = -86*z - 2. What are the prime factors of h(-1)?
2, 3, 7
Let z(s) = s**2 - 3*s - 3. Let b be z(5). Suppose -3*m = -b*m + 16. List the prime factors of m.
2
Let v(k) = k**3 + 6*k**2 + 3*k - 3. List the prime factors of v(-4).
17
Let g(l) = l**3 - 5*l**2 + l - 3. Let q = -4 + 29. Suppose q = o + 4*u + u, -o + 5*u = 15. List the prime factors of g(o).
2
Suppose 5*h = 2*h + 9, -5*y + 4*h = 47. Let t = 7 - y. What are the prime factors of t?
2, 7
Suppose p = -p + 4. Suppose d - 4 = 0, 0*u = 2*u + p*d - 44. Suppose -2*n - u = -a - 2*a, -n + 12 = 2*a. List the prime factors of a.
2, 3
Let y(w) = -2*w**2 - 8*w + 6. Let p be y(-6). Let x = -9 - p. What are the prime factors of x?
3
Suppose 5*f - 8 = 3*f. Suppose -f*h + 151 - 51 = 0. List the prime factors of h.
5
Let y be 0*((-3)/6)/(-1). Suppose 3*n + y*n - 99 = 0. Suppose 2*v - 5*v = 3*z - n, -1 = z. List the prime factors of v.
2, 3
Suppose 0 = 6*u - 2*u - 4. Let s(i) = i**2. Let y(o) = -8*o**3 + o**2 - o - 1. Let j(g) = u*y(g) - s(g). What are the prime factors of j(-1)?
2
Let r(d) be the third derivative of d**5/60 - d**4/12 - 5*d**3/6 - 2*d**2. Let n = -10 - -14. What are the prime factors of r(n)?
3
Suppose -r = -4*f - 75 + 20, r + f - 50 = 0. Suppose 3*y = -2*y - 2*g + 159, 2*y + 5*g = r. What are the prime factors of y?
3, 11
Let j = -190 + 124. Let n = -47 - j. List the prime factors of n.
19
Let q be -11 + 8 + 1 + -13. Let o = q - -45. What are the prime factors of o?
2, 3, 5
Let y be (4/(-5))/((-12)/(-30)). Let z = 28 - y. List the prime factors of z.
2, 3, 5
List the prime factors of (-18)/(-4) - 6/4.
3
Let i = 28 - 39. Let a = 7 + i. Let q(b) = -b**2 - 7*b - 6. What are the prime factors of q(a)?
2, 3
Suppose -3*c = 2*a - 6*c - 8, -a - c + 14 = 0. List the prime factors of a.
2, 5
Let k = 208 - 142. Let f = -47 + k. What are the prime factors of f?
19
Let x(l) = 60*l - 82. List the prime factors of x(5).
2, 109
Let m = 333 - 61. Suppose 2*c = -2*c - m. What are the prime factors of c/(-5) - 12/(-30)?
2, 7
What are the prime factors of ((-9)/(-4))/((-12)/(-1856))?
2, 3, 29
Let w(f) = -f + 10. Let c(x) = x + 1. Let v be c(-1). Suppose -5*a = -v*a. List the prime factors of w(a).
2, 5
Let j(q) = q**3 + 11*q**2 + 10*q + 1. Let t be j(-10). Let s be (t/2)/((-3)/(-42)). Let k = 2 + s. What are the prime factors of k?
3
Suppose 2*n + 0 = 8, 30 = -m + 4*n. List the prime factors of (-30)/(-14) + 2/m.
2
Suppose -3*r + 0*y - 5*y + 16 = 0, 0 = 3*r + 2*y - 10. What are the prime factors of (-15)/(r*(-9)/24)?
2, 5
What are the prime factors of (-2 + -16)/((-4)/12)?
2, 3
Suppose 3*t = 2*u + 12, -2*t - 4*u - 8 = -4*t. Suppose -5*s = -5*g, 10 - t = s + g. What are the prime factors of s?
3
Suppose -246 = -u + 3*g, -2*u - 2*g + 0*g = -476. List the prime factors of u.
2, 3, 5
Suppose -5*j = q + 10, 4*q + 5*j - 3 - 2 = 0. Suppose 4*l - 15 = 9. Suppose 0 = c + 5*k - 19, l*k + 65 = q*c + k. What are the prime factors of c?
2, 7
Let r be (-2)/(-2) - (-7 - -8). Suppose f = -r*f + 4. Suppose -u = m + 4*m - 40, -f = -u + 4*m. What are the prime factors of u?
2, 5
Suppose 122 = 2*w + 2*p, 8*w - 4*p - 260 = 3*w. List the prime factors of w.
2, 7
Suppose -3*v = -136 - 74. What are the prime factors of v?
2, 5, 7
List the prime factors of (-1476)/(-10) + (-3 - (-24)/10).
3, 7
Let a(w) = 5*w + 169. List the prime factors of a(0).
13
Let w(j) = -4 - 7*j**3 + 4*j**3 + 2*j**2 + j**3 + 3*j. Let x be w(3). Let z = -22 - x. What are the prime factors of z?
3
List the prime factors of (-1)/((-33)/(-44) - (-151)/(-196)).
7
Suppose y + 4*w = 22, -w - 21 = 2*y - 6*w. Suppose 2*u + y*u - 5*g = -13, -2*g + 10 = 0. List the prime factors of u.
3
Suppose 0*f = 3*f - 6. List the prime factors of (-24)/9*(-3)/f.
2
Suppose 5*c = 4*o + 14, -4*o = -4*c + 5 + 7. Let a(j) = 2 - j**3 - j - 3 - 7*j**c + 10. What are the prime factors of a(-7)?
2
Let l(z) = 2*z**2 + 14*z - 2. Let x be l(-10). Let y = -34 + x. What are the prime factors of y?
2, 3
List the prime factors of 56/14 + 2/1.
2, 3
Suppose -2*h = -0*h - 4*g - 288, -4*h - 2*g + 536 = 0. List the prime factors of h.
2, 17
Let p(d) = d**3 + 10*d**2 + 11*d + 10. List the prime factors of p(-8).
2, 5
Let z(l) be the first derivative of -5*l**2/2 - l + 4. What are the prime factors of z(-3)?
2, 7
Let c = -73 + 105. List the prime factors of c.
2
Suppose 5*s - 115 = 90. What are the prime factors of s?
41
Suppose 0 = 12*f - 749 - 967. What are the prime factors of f?
